)?
2, 5
Let d = -1 - 16. Let g = 29 + d. What are the prime factors of g?
2, 3
Suppose -o + 4*k = -2*o - 20, 20 = -4*k. Let r be 1 + -1 + o + 0. Suppose r = 4*y + 2*q - 22 - 22, -4*q - 16 = 0. What are the prime factors of y?
13
Let x be 2 - 1/(-2)*6. Suppose -x*y = 14 - 59. List the prime factors of y.
3
Suppose -3*d + 3*u - 2*u = -176, 5*u = 2*d - 113. What are the prime factors of d?
59
Let b(w) = -6*w - 6. Let u be b(-6). Suppose -2*k + u = 6. List the prime factors of k.
2, 3
Let a = 2 - 5. Let r(w) be the second derivative of -w**5/20 - w**4/6 + w**3/2 + 3*w**2/2 + w. List the prime factors of r(a).
3
Suppose 10 = o - 67. List the prime factors of o.
7, 11
Let w = -182 - -292. What are the prime factors of w?
2, 5, 11
Let o = 10 - 5. Let u(y) = 8*y - 11. What are the prime factors of u(o)?
29
Let n = -4 + 8. Suppose 3*v - n*z = 20, -3*v - 3*z = -4*z - 14. List the prime factors of v.
2
Let b(g) = -g**3 - 3*g**2 + 4*g + 5. What are the prime factors of b(-5)?
5, 7
Let o be ((-81)/12 - -3)*4. Let t = 24 + o. List the prime factors of t.
3
Let v be (-1)/((-9)/6)*120. Suppose -2*p - v = -3*p. Suppose 2*t = -3*t + p. What are the prime factors of t?
2
Let q = -34 - -123. What are the prime factors of q?
89
Suppose 2*t + 29 = 3*c - 0, -5*t - 4*c - 61 = 0. Let h = t + 21. What are the prime factors of h?
2
Let k = -22 - -31. What are the prime factors of 101/k - 6/27?
11
Suppose -k = 3*k - 5*y + 4, 5*k = 2*y + 12. Suppose 0 = d - k*d + 48. Suppose 2*a + p = 8, 5*a + 4*p - d = 1. List the prime factors of a.
5
Let n(b) = b**2 + 6*b - 3. Let f be n(-5). Let x be (-2)/(((-7)/8)/7). Let t = f + x. List the prime factors of t.
2
Let v = 239 - 140. What are the prime factors of v?
3, 11
Suppose -28*c + 16*c + 576 = 0. What are the prime factors of c?
2, 3
Let d = -7 - -45. Suppose -2*i + d = 2*u, 17 - 74 = -3*i - 4*u. What are the prime factors of i?
19
Suppose 0*g = -3*g + 138. Let c = 5 - -3. Suppose 3*y - g = c. What are the prime factors of y?
2, 3
Suppose 5*r - 153 = -23. List the prime factors of r.
2, 13
Let c(p) = -p**3 - 3*p**2 - 3*p - 3. List the prime factors of c(-4).
5
Let g(d) = -7*d - 1. List the prime factors of g(-6).
41
Let n(r) = -r**3 - 5*r**2 - 4*r - 9. List the prime factors of n(-6).
3, 17
What are the prime factors of (39/12)/((-7)/(-280))?
2, 5, 13
Let o(s) = s**2 + 4*s. Let d be o(-5). Let n = 7 - d. List the prime factors of n.
2
Suppose -5*p + 0*h + 4*h + 143 = 0, 4*p - 106 = -h. What are the prime factors of p?
3
Let l be 8/6*(0 + 3). Let i(t) = 6*t - 11. List the prime factors of i(l).
13
Let u(b) = -3*b - 6. Let j be u(-6). Let s be 2/(-1)*(-90)/j. Suppose -f - 2*a = -s - 7, 24 = 2*f - a. List the prime factors of f.
2, 7
List the prime factors of -1 + 53 - 38/(-19).
2, 3
Let m(t) = t + 6. Let o be m(-4). Let y(v) = 7*v + 1. What are the prime factors of y(o)?
3, 5
Let q(x) = 14*x**2 - x. Let j be q(-1). Suppose j = 4*b - 17. List the prime factors of b.
2
Let b = 36 + -21. Suppose 3*m = -3*z - b, -1 = -4*z - m - 6. Let s = z + 3. List the prime factors of s.
3
Suppose -14*a + 6 = -11*a. List the prime factors of 0 + a/(-4)*-22.
11
Suppose 14 + 18 = 2*p. What are the prime factors of 24/p - 10/(-4)?
2
Suppose 4*p + 17 = 77. List the prime factors of p.
3, 5
Suppose 0 = -2*i - z + 133, -5*i - 2*z - 2*z + 340 = 0. List the prime factors of i.
2
Suppose -5*x - 3*r + 27 = 0, 0 = -4*x - 3*r + 13 + 11. Suppose x*j = -0*j. Let p(l) = l**3 + l**2 + 12. What are the prime factors of p(j)?
2, 3
Suppose -5*p + 3 = -27. Let s = p + -6. Suppose -3 = -a + x - 1, s = -2*a - 4*x + 10. What are the prime factors of a?
3
Suppose 5*k = 3*m - 30, -2*m + 6*m - 35 = 5*k. Suppose -4*z + f - 4*f - 14 = 0, m*f = -4*z - 18. What are the prime factors of -6*(1/2 + z)?
3
Suppose 2*o + 2*c - 100 = -c, -5*o - 3*c = -259. What are the prime factors of o?
53
Let u be 6/((12/(-3))/(-104)). Suppose -o - 5*g = -40, -4*o + 76 = -4*g - u. What are the prime factors of o?
5, 11
Let m(t) = t + 1. Suppose 0 = -5*k - 3*c - 4, 4*c + 9 = -0*k - 3*k. Let p be m(k). Suppose 3*h - 65 = -p*h. What are the prime factors of h?
13
Suppose -4*t + 3*g + 343 = 0, 4*g - 2*g = 2*t - 172. List the prime factors of t.
5, 17
Let a(x) = 11*x**2 + x + 3. List the prime factors of a(3).
3, 5, 7
Suppose -60*f = -57*f - 48. List the prime factors of f.
2
Let p(h) = -9*h**2 - 1 - 10*h - 5 + 20*h + h**3. What are the prime factors of p(8)?
2, 5
Suppose -33 = -5*g + 2*g. Let j = 2 - 9. Let l = j + g. List the prime factors of l.
2
Let f(q) = -q**2 + 3*q - 4. Let p be f(3). Let d be -5*(2 + p + 1). Suppose d*a = -29 + 84. What are the prime factors of a?
11
Let b(d) = d**3 - 5*d**2 + d + 3. Suppose 5*u - 4 - 21 = 5*w, 2*w - 5 = -u. Let k be b(u). Let s = 10 - k. What are the prime factors of s?
2
Let k(s) = 4*s + 6. Let n(j) = j - 1. Let q(m) = -k(m) + 10*n(m). What are the prime factors of q(8)?
2
Let p be (5 + -11)*2/(-6). Suppose 0 = -p*k + 9 + 23. What are the prime factors of k?
2
Suppose 4*o = -38 - 50. Let n = o + 33. List the prime factors of n.
11
Let c be (-3)/(-6)*28/2. Let o = 11 - c. Suppose 4*j - o*d = 44, -5*j = -2*j - 2*d - 35. What are the prime factors of j?
13
Let g(h) = h**3 + 8*h**2 - 13*h - 6. Let s = 9 + -18. Let i be g(s). Suppose 2*l + 5*d = 34, 4*l - 5*d - 98 + i = 0. What are the prime factors of l?
17
Let c(f) = -f**3 + 2*f**2 - 2*f + 2. Let h be c(2). What are the prime factors of h*9/(-6) - -4?
7
Let x be 9/2*12/18. Suppose 3*o = x*g - 8*g + 77, 0 = g - 3*o - 19. What are the prime factors of g?
2
Let m = 5 - 2. Let k(n) = 3*n - 1 - 4 + m. What are the prime factors of k(5)?
13
Let o = -95 + 170. Suppose -z - o = -4*z. List the prime factors of z.
5
Suppose 0 = 6*t - 11*t - 5. Let g(f) = -4*f + 2. Let n be g(2). Let h = t - n. What are the prime factors of h?
5
Suppose k + 5 = 5*i - 2*k, -2*i + 2*k = -2. What are the prime factors of (2/6)/(i/42)?
2, 7
Suppose -2*s + 0 = 8. Let t = 15 - s. What are the prime factors of t?
19
Suppose -c + 108 = c + 5*u, -4*c - 4*u + 216 = 0. List the prime factors of c.
2, 3
Let p(v) = v + 4. Let a be p(-4). List the prime factors of (-3 - a)*(-11)/3.
11
Let d(p) = -6*p + p**3 + 4*p**2 - 5 + 0 + 5. What are the prime factors of d(-5)?
5
Let t(p) be the third derivative of p**6/120 + p**5/10 - p**4/12 + p**3/6 + 3*p**2. List the prime factors of t(-6).
13
Suppose -4 = i - x + 5*x, 0 = 4*i - 5*x + 16. What are the prime factors of 24/(-18)*6/i?
2
Let g be 2 - (1 + 1 + -4). Suppose a + s - g = 14, -2*s = 6. Suppose a = t + 2*t. What are the prime factors of t?
7
Let q be (-2)/9 - (-712)/(-36). Let m = 23 + -32. Let x = m - q. List the prime factors of x.
11
Let z(g) = -g**3 - 4*g**2 - 3*g + 3. Let t be z(-3). Suppose 12 = -0*i + t*i. Suppose i*s - x = 23, 8 = -s + 3*x - 0. What are the prime factors of s?
7
Let l = -19 + 31. Let a(h) = -h**3 + 13*h**2 - 10*h - 16. What are the prime factors of a(l)?
2
Suppose 0 = -q + 5*x - 17, -4*q - 4*x + 8 + 20 = 0. Let k = q + 0. What are the prime factors of (-28)/(-2) + (1 - k)?
2, 3
Suppose -5*r - 10 = 0, -7*p + 488 = -2*p + r. What are the prime factors of p?
2, 7
Suppose 5*r - 34 = -4*s + 3*s, 2*r - 89 = -3*s. List the prime factors of s.
29
Suppose 3*b - 3*f - 81 = 0, -6*b + f + 102 = -2*b. Let l = b - 15. What are the prime factors of l?
2, 5
Let q = -4 - -7. Suppose -3*j = -5*n + 11, -3*j - 1 - 2 = -q*n. List the prime factors of n.
2
Let q = 26 + -14. Let f(p) = -p**2 + 11*p + 17. Let o be f(q). Suppose -4*u - 22 - 37 = -o*a, 0 = 4*a - 4*u - 44. What are the prime factors of a?
3, 5
Suppose 3*q - 4*l + 8 = 0, 2*q + l - 1 - 1 = 0. List the prime factors of 35 + (q - (-3 + 2)).
2, 3
Let n(h) = -h + 2. Let m be n(-2). Suppose -8*x + 36 = -m*x. List the prime factors of x.
3
Suppose -3*k = 2*p - 5, 2*p - 3*k = 2*k + 13. List the prime factors of (-18)/p*264/(-36).
3, 11
What are the prime factors of 24/(-8) + 2 + 41?
2, 5
What are the prime factors of 3/1 + -4 + 32?
31
Let g(t) = 9 - 17*t + 9 - 18. What are the prime factors of g(-1)?
17
Let h(i) be the third derivative of -13*i**4/24 + i**3/6 - 3*i**2. Let z be h(-1). Suppose -z = 3*r - 41. What are the prime factors of r?
3
Let c = 17 + -3. Suppose -2*s = n - 3*n + c, 39 = 5*n - s. List the prime factors of n.
2
Let p(t) = t**2